at are the prime factors of u(k)?
17
Let x be (-3)/(-1) + -1 + 84. What are the prime factors of 1/2*(x - 0)?
43
Let i(g) = -g**3 + 14*g**2 - 18*g + 10. Let v(w) = 2*w**3 - 27*w**2 + 35*w - 20. Let o(x) = 7*i(x) + 4*v(x). What are the prime factors of o(9)?
5, 7
Let q(v) be the second derivative of v**5/10 - 5*v**4/12 - 2*v**3/3 - 3*v. What are the prime factors of q(4)?
2
Let q = 117 + -33. Suppose -2*j + 99 = z + 15, -2*j - 3*z = -q. List the prime factors of j.
2, 3, 7
Let p = -5 - -13. Suppose p = z + z. List the prime factors of 15 + 3/(-6)*z.
13
Let f(c) = -c**3 + 5*c**2 + 2. Let r be f(5). Suppose -b - r*b = -33. What are the prime factors of b?
11
Suppose 3*u + u + 32 = 0. Let m(l) = -10 + 3*l**2 + 3*l**2 - 7*l**2 - 10*l. What are the prime factors of m(u)?
2, 3
Let m = 11 + -5. Let q = 2 + m. Let x = q + 0. What are the prime factors of x?
2
Let b be 16/56 + (-4)/14. Suppose -24 = -b*y - y. List the prime factors of y.
2, 3
Let w(a) = -14*a + 5. Let l be 0 + (3 - (6 - 1)). List the prime factors of w(l).
3, 11
Let f(s) be the first derivative of s**4/4 + s**3/3 + 41*s + 5. What are the prime factors of f(0)?
41
Let h(l) = -6*l**3 - l**2 + 3*l - 1. Let x be h(2). Suppose -64 - 2 = t. Let g = x - t. What are the prime factors of g?
19
Suppose -5*u = 5*c - 45, 2*c - 20 = -5*u + 13. List the prime factors of u.
5
What are the prime factors of (-6)/(-10) - 576/(-40)?
3, 5
Suppose 220 = 5*c - 2*d, -4*c + 189 = 3*d - 10. Let l = -17 + c. List the prime factors of l.
29
Let v be 3144/40 + (-4)/(-10). Suppose 3*m + 5*y = v + 15, -5 = -y. List the prime factors of m.
23
List the prime factors of (-2)/8 - ((-411)/12 + -1).
5, 7
Let t(v) = v**2 - 5*v - 13. Let m be 18/(6 + -3 - 1). What are the prime factors of t(m)?
23
Let y = 31 - -4. What are the prime factors of y?
5, 7
Let y be 0*((-6)/(-9) - 1). Suppose -n + 0 + 2 = y. Suppose -2*j = n*j - 44. List the prime factors of j.
11
Suppose p + p = 6. List the prime factors of p.
3
Suppose -7 = -5*q + 8. Suppose -20 = x - 5*k, -k = 5*x - 8 + 4. Suppose x = 3*s, q*f + 0*f - 15 = s. List the prime factors of f.
5
Let b(g) = 2*g**2 + 4*g + 1. What are the prime factors of b(-3)?
7
Suppose -2*j + 7*j - 20 = 0. What are the prime factors of j?
2
Suppose y + 39 = 4*y. List the prime factors of y.
13
Let s be (-2 - -1)*(-42)/(-3). List the prime factors of 4/(-14) - 60/s.
2
Let c(a) = a**2 - 5*a - 4. Let n be c(8). Suppose 0 = -4*m + n - 4. List the prime factors of m.
2
Let m(u) = u**2 - u - 37. Let n be m(0). Let z = n - -58. What are the prime factors of z?
3, 7
Let b(f) = 1 + 9*f - 6*f + 0 - 5. What are the prime factors of b(9)?
23
Suppose 0 = -4*v + 4, -5*v - 2 = -2*f - 1. Let m be (-78)/(-10) + 3/15. Let k = m - f. List the prime factors of k.
5
Let g(w) be the third derivative of 0 + 0*w + 1/6*w**3 - 1/8*w**4 - w**2. List the prime factors of g(-2).
7
Let o(b) = 2*b**2 + 6*b - 11. List the prime factors of o(6).
97
Suppose 4*d - d + 2*r = 383, 0 = -5*d - 2*r + 645. What are the prime factors of d?
131
Suppose 2443 = 20*p - 4177. List the prime factors of p.
331
Let j be -2*(1 - 39/6). Suppose j + 1 = g. List the prime factors of g.
2, 3
Let t(b) = b**2 - 8*b + 7. Let v be t(7). Let d = 2 + v. Suppose -2*l = 4*c - 24, -d*l - 5 = -c - 24. List the prime factors of l.
2, 5
Let f(n) = 18*n - 3. What are the prime factors of f(2)?
3, 11
Suppose -b = -p + 2*p - 86, 3*b - 90 = -p. List the prime factors of p.
2, 3, 7
Suppose 4*w + 3 = -9. Let s = 5 + w. List the prime factors of 3/2 - (-1)/s.
2
Let n be (-2 - (3 - 4))*4. List the prime factors of (9/(-6))/(2/n).
3
Let k(r) = -148*r**3 - 3*r**2 - 4*r - 3. What are the prime factors of k(-1)?
2, 73
Let n be 12*(3/6 - 1). Let f = 11 + n. Let a(r) = 3*r - 4. What are the prime factors of a(f)?
11
Suppose 3*x + 31 = -62. Let z = 51 + x. Suppose -l + z = l. List the prime factors of l.
2, 5
Suppose 2*c = -c - 3, 4*y - 121 = c. Suppose 3*b = 8*b - y. List the prime factors of b.
2, 3
Let o be 2/9 - (-12)/(-54). List the prime factors of (-2 - -1) + (o - -23).
2, 11
Let t(j) = j**3 + 6*j**2 - 5*j - 16. What are the prime factors of t(-6)?
2, 7
Suppose 4*a - 5*a = -3*i + 43, 4*a = 4*i - 52. List the prime factors of i.
3, 5
Let u = 8 - 8. Suppose 12 = 2*z - 2*c, -2*z + 10 = -u*z - 4*c. Suppose z*n - 2*n - 40 = 0. What are the prime factors of n?
2
Suppose -150 - 1170 = -6*g. List the prime factors of g.
2, 5, 11
Let j be 0 - 2/(-2)*0. Suppose 9*h - 2*s - 19 = 4*h, s - 28 = -5*h. Suppose -2*b + 5*k + 24 = j, -4*k + 101 = h*b + 41. What are the prime factors of b?
2, 3
List the prime factors of (95 - 1)*(-3)/(-6).
47
Let k(j) = -28*j**3 - 3*j - 2. List the prime factors of k(-1).
29
Let g = 6 - 3. Suppose g*n = -5*m + 13 + 21, 4*n = -3*m + 16. What are the prime factors of m?
2
Let g be -2 - (-2 - (-2 - -3)). What are the prime factors of g/2 - (-146)/4?
37
Let k be (-1 - -9)*(-2)/(-2). Let o(t) = t + 0*t + 0 - 2 - k*t. What are the prime factors of o(-3)?
19
Let c = 8 + 2. Suppose -r + 3*t - t + c = 0, r - 3*t - 14 = 0. Suppose 0 = g - r*k - 22, g + 7 = -5*k + 1. List the prime factors of g.
2, 7
Suppose 0 = 4*g + 4*n - 328, g = -2*n - n + 92. What are the prime factors of g?
7, 11
Suppose 4*j - 5*u - 585 = 291, 4*u - 840 = -4*j. What are the prime factors of j?
2, 107
Let b = 87 - 55. What are the prime factors of b?
2
Let u be ((-4)/5)/((-4)/(-30)). Suppose 5*x = 11 + 29. Let s = x - u. What are the prime factors of s?
2, 7
Let y(k) = 9*k**2 + 2*k - 1. Suppose -2*i = -5*i + 3. List the prime factors of y(i).
2, 5
Suppose 2*d - 2*o = -0*o, 2*d + 5*o - 14 = 0. List the prime factors of 19 + -2 + d - -3.
2, 11
Suppose 0 = q + 2*q - 9. Suppose -8 = -q*y + y. List the prime factors of y.
2
Let s = -19 - -33. List the prime factors of s.
2, 7
Suppose -3*t - h + 5*h + 16 = 0, -3*t = -3*h - 12. Let f(d) = -d**3 + d**2 + d + 11. Let l be f(t). Suppose l = -0*o + o. List the prime factors of o.
11
Let q = -16 + 39. Suppose -5*a = -3*p - p - 18, 0 = 4*a + 4*p. Suppose -y = -2*y + a*j + 8, -q = -2*y - 3*j. List the prime factors of y.
2, 5
Suppose -2 = s - 7. Suppose 6 = -s*i + 116. Suppose 0 = 3*t - v + 3*v - 8, -2*v - i = -2*t. What are the prime factors of t?
2, 3
Let p(t) = -t**3 - t**2 + 86. List the prime factors of p(0).
2, 43
Let r(g) = 14*g + 17. Let x(h) = h + 1. Let p(l) = -11*l - 12. Let v(i) = -p(i) - 6*x(i). Let k(y) = 6*r(y) - 17*v(y). List the prime factors of k(-5).
5
Suppose 0 = -3*b + 281 - 98. List the prime factors of b.
61
Let a be (-2)/3*(-162)/4. Suppose 34 = 2*l + 3*f - a, -119 = -3*l + f. Suppose -12 = m - 3*m + h, -l = -4*m - 5*h. What are the prime factors of m?
7
Let x(n) = 3*n**2 + 7*n - 14. What are the prime factors of x(-9)?
2, 83
Let j be (14/4)/((-3)/(-42)). Suppose -4*z + j = -c, 3*z - 5*c - 14 = 44. What are the prime factors of z?
11
Suppose 2*f + 22 = 4*s, 6*s - 16 = -4*f + 2*s. List the prime factors of (f + -12)*1/(-1).
13
Let n(f) be the third derivative of -f**6/120 + 3*f**5/20 + 5*f**4/12 + 13*f**3/6 + 2*f**2. List the prime factors of n(10).
13
Let h = -69 - -103. Suppose -5*f + c + 53 = -h, -c + 39 = 2*f. List the prime factors of f.
2, 3
Suppose -2*g - 3*g = 2*r - 240, g - 4*r - 26 = 0. List the prime factors of g.
2, 23
Let u(q) = -q**3 - 8*q**2 - 12*q - 11. List the prime factors of u(-8).
5, 17
Let b = -25 - -10. Suppose 2*i + l = 4*l - 23, -i + 6 = 2*l. Let a = i - b. List the prime factors of a.
11
Suppose -5*n + 0*n + 25 = 0. Suppose n*u = 26 - 6. Suppose -u*q - z + 36 = -3, 27 = 2*q + 3*z. What are the prime factors of q?
3
Suppose 30*r + 15 = 35*r. What are the prime factors of r?
3
Suppose -3*t + 5 + 13 = -5*h, -3*h = 5*t + 4. Let d = h + 10. List the prime factors of d.
7
Suppose 11*d - 1932 = -634. List the prime factors of d.
2, 59
Let n(w) = -5*w - 18. List the prime factors of n(-14).
2, 13
Let j(g) = -5*g - 2. Let v be j(-3). Let u(l) = -l**2 - 9*l - 6. Let k be u(-8). Suppose 0 = p + 2*y - 11, y = k*p + 2*y - v. List the prime factors of p.
5
Let n(g) = 17*g**2 - 1. Let t be n(1). Let w = t + -4. List the prime factors of w.
2, 3
Let b = -70 - -121. List the prime factors of b.
3, 17
Let i(r) = 2*r**3 - 7*r**2 + 9*r + 1. Let z(h) = -h**3 + 4*h**2 - 5*h. Let w(p) = -3*i(p) - 7*z(p). List the prime factors of